 be s(7). Suppose v*k - 717*k = 44. Let r(j) = -j + 12. Determine r(k).
1
Let g(c) = -31*c - 7. Let r(t) = 45*t + 10. Let x(p) = 7*g(p) + 5*r(p). Let u(w) = -7*w. Let q(k) = 3*u(k) + 2*x(k). What is q(-1)?
7
Let n(t) = -60*t + 110*t - 59*t - 71. Let h be n(-8). Let k(y) = 20*y**3 + y**2. Determine k(h).
21
Let h(s) = 2*s**3 - 5*s**2 + 3*s + 148. Let x(n) = 9*n**3 - 20*n**2 + 11*n + 638. Let f(c) = -13*h(c) + 3*x(c). Calculate f(-4).
30
Let d = 3 + -18. Let r be (10/d)/((-6)/333). Let c = -44 + r. Let f(h) = h + 7. Give f(c).
0
Let n(u) = 5*u**3 - 3*u**2 - 4*u + 5. Let v(q) = 15*q**3 - 8*q**2 - 11*q + 13. Let y(i) = 11*n(i) - 4*v(i). Determine y(-1).
7
Suppose 34*x - 9*x - 9550 = 0. Let l = -381 + x. Let t(z) = 3*z**2. What is t(l)?
3
Let u(k) = k + 1. Suppose -3*l = 3*z + 3, -2*z - 9*l + 13*l + 28 = 0. Suppose 4*y + z*i + 4 = 0, -2*y + 4*y - 23 = 3*i. Determine u(y).
5
Suppose 5*j - 5*c + 25 = 0, 5*c + 0*c + 15 = -5*j. Let d(n) be the second derivative of 54*n + 5/2*n**2 + 1/3*n**3 + 0. Give d(j).
-3
Let d(w) = 9*w**2 + 8*w - 2 - 54*w**2 + 14*w**2 + 19*w**2 - 41*w. Determine d(-3).
-11
Let x be (1*(0 + 2))/((-6)/15). Let t = x + 5. Let j(g) = -g**2 + g - 4. Calculate j(t).
-4
Let u(l) = -27*l + 27. Suppose 2*k = -r - 16 + 4, 4*r + 32 = -4*k. Let f(m) = -15*m + 14. Let b(n) = r*u(n) + 7*f(n). Give b(5).
5
Let w(v) be the first derivative of -v**4/4 + 2*v**2 - 6*v - 463. Determine w(-3).
9
Let g(u) be the third derivative of -u**4/6 + 7*u**3/2 - 11417*u**2. Suppose -4*k = -4*f - 32, 0*k = 5*k + 3*f - 24. Give g(k).
-3
Let o(d) = d**3 - 3*d**3 + 3*d**3 + 3*d - 7*d**2 - 7. Suppose -8*r + 12*r + 2 = -2*g, 2*r - 2*g - 8 = 0. Suppose -r = -2*j + 5*k + 3, -j + 5*k = 3. Give o(j).
14
Let i(k) = -2*k**2 - 16*k + 87. Let n(h) = -h**2 - 7*h + 41. Let d(o) = 4*i(o) - 9*n(o). Determine d(5).
-1
Let w(c) = 11*c + 1. Let m = 102 + -103. Let s be (m/9)/((-5)/(-15))*3. Determine w(s).
-10
Let l(s) = -6*s**2 + 5*s + 4*s - 1 - 17*s + s**3 + 5*s - 4*s. What is l(7)?
-1
Let d(u) = -9*u + 51. Let a(f) = 3*f - 17. Let q(l) = 17*a(l) + 6*d(l). Let t = -30907 - -30913. Calculate q(t).
-1
Let z(b) be the third derivative of -b**5/60 - 153*b**2. Suppose -6 = -3*r - 0. Suppose 3*j + 10 = -r*j. Determine z(j).
-4
Let q = 154 - 94. Suppose -4*l = -118*w + 119*w - 27, -3*l = w - 21. Let n(z) = -3*z**2 - 66*z - z**3 - 7 + 2*z**w + q*z. Give n(5).
13
Let p be 168/20*4*(3 + 2). Let r = p + -160. Let x(n) = n**3 - 7*n**2 - 7*n - 10. Determine x(r).
-2
Let l be (-13 + 10)/(3/(-40)). Suppose -14*d + 44 + l = 0. Let i(h) = 2*h**2 - 13*h + 8. Determine i(d).
2
Suppose 5*n - 25 = -2*o - 23, o + 25 = 4*n. Let f(c) = -c - 29. Give f(o).
-20
Let v(n) = -9*n - 118. Let i(x) = 15*x + 178. Let l(y) = 5*i(y) + 8*v(y). Calculate l(10).
-24
Let o(s) = -s**3 + 15*s**2 - s - 33. Let w be 4*4 - ((-73)/219)/((-1)/3). Calculate o(w).
-48
Suppose 0 = 4*q - 3*o + 41, -171*q = -175*q + 5*o - 39. Let j(r) = -2*r**2 - 20*r + 16. What is j(q)?
-6
Let u(b) = b**3 + 11*b**2 + 12*b + 20. Let n be (-432)/44 - 6/33. Let x be u(n). Let i(t) = 7*t**2 + x - t**3 - 2 - 3 - 5*t + 2. Determine i(6).
3
Let h(z) = -z**2 + 18*z - 71. Let s be h(13). Let l(j) = -2*j - 8*j - 7 - 4 + 2*j. Let i(k) = 7*k + 10. Let m(b) = -6*i(b) - 5*l(b). Give m(s).
7
Let i(y) = 8317 - 2770 - 2774 - 2776 + 4*y. Suppose u = -2*u + 5*z + 22, -2 = u + 3*z. Give i(u).
13
Suppose -6*l - 5*x = -11*l + 15, -x = 2*l + 9. Let s(o) = 3*o + 10. Let t(q) = -q - 3. Let y(z) = s(z) + 5*t(z). Determine y(l).
-1
Let f(l) = l**3 + 5*l**2 - l - 13. Let c be f(-4). Let r be -6*c/(-14) - -2. Let b(x) = -2*x + 3. Give b(r).
-7
Suppose -3*j - 66 = -4*j - 61. Let t(i) = i**2 - 2. Determine t(j).
23
Let q = -3402 + 3411. Let c(z) = -58*z + 514. Calculate c(q).
-8
Let q = 1016 - 1015. Let k = -3 - -13. Let n(h) = -6*h - 3*h - 2*h + k*h. What is n(q)?
-1
Let q(w) = 2*w**2 + 13*w + 10. Let d be 612/(-162) + (1 - -3) + (-249)/27. Calculate q(d).
55
Let c(y) = -243*y**2 + 15*y + 493*y**2 - 249*y**2 + 19. Let s be -1*(3 + -5) + -16. Determine c(s).
5
Suppose -3*k + 3*q = -33, 3*k - 37 = -q - 0*q. Let m be (-49)/7 - -11 - -15. Let h(s) = -2*s - 7*s - m + k - s**2. What is h(-6)?
11
Let u(f) = -2*f + 1. Let x(i) = i**3 - 10*i**2 - 9*i + 25. Let h be x(8). Let n = 173 + h. Determine u(n).
5
Let r = 1136 - 1139. Let t be (r*(-64)/(-12))/(-2 + 4). Let f(y) = -10*y + 2 - y**3 - 8 - 6 - 9*y**2. Determine f(t).
4
Let l(t) = t**3 - 10*t**2 + t - 5. Let w = 448 - 345. Let i = w + -93. What is l(i)?
5
Let x(b) = -45 - 3*b + b + 43. Let f be ((-3)/(-6))/(2 + 25/(-12)). Let q(l) = -2*l**2 - 12*l + 2. Let r be q(f). Calculate x(r).
-6
Let c(u) = u**3 + 11*u**2 - 14*u - 9. Let l be (-662)/6 - (-1)/3*1. Let j be (-2)/11 - (-1300)/l. Calculate c(j).
15
Suppose -32 = -j - 3*r + 7, -2*r - 62 = -2*j. Let w = -26 + j. Let u(c) = -c + w*c - 6*c + c - 1. What is u(5)?
4
Let i be 14 - (11 - 9 - -6). Let m = -5 + 10. Suppose k - 4*o = m, -3*k + 4*o + i + 9 = 0. Let t(x) = -x**3 + 4*x**2 + 7*x - 2. What is t(k)?
8
Suppose -d - 713 = -3*z, -z - d - 239 = -2*z. Let u = 243 - z. Let h(o) be the second derivative of -o**3/3 + 9*o**2/2 + o. What is h(u)?
-3
Let j(a) = a**2 - a + 9. Suppose 7*z - 184 - 1538 = 0. Let u = -239 + z. Calculate j(u).
51
Let a(u) = u**3 - u**2 - 2*u + 2. Let p = -2554 - -2555. What is a(p)?
0
Let y(r) be the second derivative of r**5/20 - 2*r**4/3 + 7*r**3/6 + 3*r**2/2 - 173*r. Let p = -472 - -479. Determine y(p).
3
Let t = -1840 + 1825. Let k(p) = -p**3 - 14*p**2 + 16*p + 22. Give k(t).
7
Let r(f) be the second derivative of f**5/60 + 3*f**4/8 + f**3/2 - 57*f**2/2 + 110*f. Let m(i) be the first derivative of r(i). Determine m(-11).
25
Suppose 8 = -4*s - 2*d + 50, 5*s - 4*d = 33. Let q = s - 7. Let i(n) = -n. Let g(o) = -o**2 + 11*o - 1. Let a(z) = 2*g(z) + 18*i(z). Calculate a(q).
-2
Let w(d) be the second derivative of 4*d**3/3 - 63*d**2/2 + 2507*d. Give w(21).
105
Let j be 1*2 + (3 - 12 - -11). Let z(n) = 0*n**2 - n + n**2 + n**3 - 2*n**2 + 0*n**3 + j*n**2 - 3. Calculate z(-2).
3
Let i(y) = -y**2 - 3*y - 6. Let l(z) = z + 12. Suppose 3*h + 39 = -3*k - 21, 5*h + 20 = 0. Let x be l(k). Calculate i(x).
-10
Let d(o) = 68*o - 14. Suppose 4*r + 3*r = -3*r + 3*r. Calculate d(r).
-14
Suppose -5*u + 32 = i, -4*i = 2*u - 6*i - 20. Let f(m) = -m**2 - 6. Calculate f(u).
-55
Let j(r) = 40*r - 232. Suppose -4*t + g + 20 = 0, -7*t + 4*g - 4 = -5*t. Calculate j(t).
8
Let t be (-64)/(-78) - (1 - 0)*(-10)/(-65). Let l(n) be the first derivative of 1/4*n**4 - t*n**3 + 1/2*n**2 - 20 - 2*n. Give l(3).
10
Let v be -2*(-1169)/182 - 2/(-13). Suppose 19 = -t + 5*t + u, 3*t - v = -u. Let g(f) = -2*f - 14. Let x(c) = -c - 13. Let m(s) = 2*g(s) - 3*x(s). What is m(t)?
5
Let h be ((-6 - -5)/((-3)/(-72)))/(3/(-4)). Let q(s) = 2*s**2 - 64*s - 17. Give q(h).
-17
Let b(i) = -i**2 + 9*i - 8. Let z(w) = -2*w - 1. Let h be z(-4). Suppose -41*n - 21 = -43*n + 5*t, -3*t + 107 = 4*n. Suppose 5*x - n = h. Determine b(x).
10
Let w(p) = p**3 + 52*p**2 + 101*p + 44. Let b be w(-50). Let l(h) = h**2 + 9*h + 4. Give l(b).
-14
Let l(k) = -5*k**2 - 14177*k**3 + 22 + 8*k + 14178*k**3 - 12*k. Give l(5).
2
Suppose 0 = -n - 5*z - 3, 3*n - z - 2 = -5*z. Let o(l) = 3*l**3 - 2*l**2 + 4*l - 2. What is o(n)?
22
Let c(b) be the second derivative of -b**7/2520 - b**6/80 - 17*b**5/120 + 8*b**4 - 4*b. Let g(t) be the third derivative of c(t). Give g(-7).
-3
Let q(u) = -u**2 + 11*u - 28. Let s = -10299 + 10303. Give q(s).
0
Let x(d) be the first derivative of -d**4/4 - d**3/3 + d**2/2 - 5*d - 712. Give x(-3).
10
Let o(d) = 6*d**2 - 3. Let w(y) = 5*y**2 + y - 3. Let q(k) = 4*o(k) - 5*w(k). Suppose -37 = -5*i - 92. Let g be 4 - (3 - i) - -4. What is q(g)?
-3
Let t(c) = c**3 - 8*c**2 + 4*c + 17. Let x = 141 - 145. Let f be 0 - x - 1*(-6)/2. Give t(f).
-4
Let y(b) be the third derivative of -b**6/240 + b**5/24 - 23*b**4/24 + 51*b**2 - 2*b. Let l(f) be the second derivative of y(f). Determine l(3).
-4
Let f(l) = l**3 + 48*l**2 + 3*l + 151. Let j be f(-48). Let n(x) = -5*x - 13. Calculate n(j).
-48
Let l = -5 + 7. Suppose -l*b + 4 + 4 = 0. Let p(i) = -i + 17. Let q(x) = -x + 41. Let u(f) = 5*p(f) - 2*q(f). What is u(b)?
-9
Let h(q) = -q**2 + 7*q + 16. Suppose -4*n + 94 = 5*x + 29, -4*n = 4*x - 56. What is h(x)?
-2
Let j(y) be th